094?
False
Is 19 a factor of 579227673?
True
Is 1239408 a multiple of 36?
True
Does 289 divide 25137220?
True
Is 4 a factor of 124004678?
False
Is 528408670 a multiple of 507?
False
Does 43 divide 1240421?
True
Does 169 divide 96515066?
False
Does 8 divide 70489059?
False
Does 1276 divide 11169512?
False
Is 1807581 a multiple of 461?
True
Is 248 a factor of 699962693?
False
Does 1279 divide 1366866021?
True
Is 1335 a factor of 93541279?
False
Is 37431080 a multiple of 110?
False
Does 555 divide 964679828?
False
Does 2161 divide 48987613?
False
Is 755047682 a multiple of 68?
False
Is 21 a factor of 3728865?
True
Is 103321488 a multiple of 12?
True
Does 33 divide 15478650?
True
Is 14 a factor of 15820112?
True
Is 3240723 a multiple of 67?
True
Does 55 divide 152185935?
True
Does 281 divide 58383089?
True
Is 19 a factor of 543778813?
False
Does 776 divide 98688282?
False
Is 1395973783 a multiple of 105?
False
Is 30511060 a multiple of 151?
True
Is 444912815 a multiple of 46?
False
Does 409 divide 46262399?
True
Is 2219 a factor of 45569384?
True
Is 820 a factor of 2498266120?
True
Is 16817362 a multiple of 79?
True
Does 8 divide 182521120?
True
Is 17917710 a multiple of 118?
True
Is 713794912 a multiple of 106?
False
Does 486 divide 19741320?
True
Is 821 a factor of 1026224341?
False
Does 84 divide 31481305?
False
Is 1570050600 a multiple of 5910?
True
Does 287 divide 41787487?
True
Is 29073872 a multiple of 1987?
False
Is 16 a factor of 22707264?
True
Does 189 divide 146850593?
False
Is 11 a factor of 94757586?
True
Is 196 a factor of 1326643660?
False
Does 787 divide 139515982?
False
Is 27 a factor of 236968875?
True
Is 13 a factor of 41872402?
True
Is 210646689 a multiple of 29?
False
Is 1506390928 a multiple of 2602?
False
Is 798 a factor of 2030899052?
False
Is 80863179 a multiple of 14?
False
Is 2441386 a multiple of 41?
True
Does 33 divide 170732397?
True
Is 162 a factor of 141344028?
True
Is 53 a factor of 452244177?
True
Is 5921 a factor of 1283433902?
False
Does 9 divide 4692177?
True
Is 718 a factor of 216303962?
True
Is 3897 a factor of 518008725?
True
Does 19 divide 300912500?
True
Does 1259 divide 145720907?
False
Is 34039390 a multiple of 506?
False
Is 48752640 a multiple of 640?
True
Does 4234 divide 642118912?
False
Is 108 a factor of 16728795?
False
Is 22373876 a multiple of 907?
True
Is 317933748 a multiple of 9?
True
Is 969097632 a multiple of 482?
True
Does 51 divide 100315827?
True
Does 21 divide 3542658?
True
Does 598 divide 657222247?
False
Does 60 divide 23778600?
True
Is 524785373 a multiple of 6?
False
Is 70 a factor of 204617771?
False
Does 277 divide 1708536?
True
Is 11 a factor of 1223989030?
True
Is 289705136 a multiple of 28?
True
Is 17 a factor of 396873786?
False
Does 21 divide 39179637?
True
Is 15669913 a multiple of 7?
True
Is 401775317 a multiple of 28?
False
Is 61 a factor of 103816084?
False
Does 81 divide 1230038298?
True
Is 1117415916 a multiple of 323?
True
Is 180079585 a multiple of 43?
False
Does 798 divide 20440213?
False
Is 119 a factor of 3756391080?
False
Is 88 a factor of 18902493?
False
Is 2796 a factor of 1338412269?
False
Is 2198984861 a multiple of 71?
False
Is 51763446 a multiple of 763?
True
Is 132 a factor of 172641452?
False
Is 121 a factor of 3568864?
False
Is 193 a factor of 317099?
True
Is 2591 a factor of 1382005553?
False
Is 21 a factor of 4638884?
False
Is 122470580 a multiple of 6382?
True
Is 167935754 a multiple of 287?
True
Is 406732728 a multiple of 12?
True
Is 9 a factor of 24551658?
True
Does 1204 divide 79502528?
True
Is 65 a factor of 327892?
False
Is 38 a factor of 1046388583?
False
Is 244 a factor of 239120?
True
Does 17 divide 295852122?
True
Is 108 a factor of 32480699?
False
Is 327 a factor of 18797595?
True
Does 7 divide 22688036?
True
Is 1257 a factor of 285035510?
False
Is 21 a factor of 453594782?
False
Is 99 a factor of 809112?
False
Is 279942374 a multiple of 2989?
False
Is 15988909 a multiple of 57?
False
Is 244794857 a multiple of 494?
False
Is 629508793 a multiple of 97?
False
Is 3629975280 a multiple of 1776?
True
Is 101 a factor of 34546723?
False
Does 111 divide 51343713?
False
Is 1046 a factor of 1140326294?
False
Does 2 divide 8370388?
True
Is 11702805 a multiple of 35?
False
Does 599 divide 617985305?
True
Is 96 a factor of 904156992?
True
Is 308594496 a multiple of 736?
True
Is 1982230 a multiple of 10?
True
Does 94 divide 111217337?
False
Does 794 divide 193889228?
False
Is 104774291 a multiple of 21?
False
Is 29308225 a multiple of 25?
True
Does 144 divide 123046992?
True
Is 834 a factor of 663396960?
True
Is 871243758 a multiple of 196?
False
Does 2 divide 367854?
True
Does 594 divide 8093300?
False
Is 4 a factor of 1040069022?
False
Is 202826864 a multiple of 1844?
False
Is 18711624 a multiple of 8?
True
Does 396 divide 1026626436?
True
Is 45 a factor of 23380776?
False
Is 1240 a factor of 17397200?
True
Does 13 divide 1926741674?
True
Does 182 divide 255461024?
True
Is 281863850 a multiple of 46?
True
Is 381 a factor of 66803411?
False
Does 5984 divide 822147744?
True
Is 192752387 a multiple of 294?
False
Is 388459316 a multiple of 17?
True
Is 12 a factor of 5801985?
False
Does 4 divide 6225446?
False
Is 781 a factor of 689751865?
True
Is 32 a factor of 1807328?
True
Is 321976003 a multiple of 12?
False
Is 35 a factor of 17068477?
False
Is 1594890180 a multiple of 2535?
True
Is 13 a factor of 121765533?
False
Is 2842551414 a multiple of 46?
False
Does 1732 divide 64206877?
False
Is 289 a factor of 168275408?
False
Is 14 a factor of 857962229?
False
Does 14 divide 1063220914?
True
Is 1277856351 a multiple of 27?
True
Is 1038748987 a multiple of 31?
False
Does 2489 divide 25006850?
False
Is 408 a factor of 86289392?
False
Does 2379 divide 2623870545?
False
Does 2006 divide 133852356?
True
Is 352534996 a multiple of 334?
True
Is 330438395 a multiple of 62?
False
Is 6584697 a multiple of 208?
False
Is 13388523 a multiple of 24?
False
Does 5 divide 34305965?
True
Is 190 a factor of 4210242300?
True
Is 29741670 a multiple of 7?
True
Does 19 divide 12709214?
True
Does 78 divide 218658648?
True
Is 21 a factor of 3128794389?
True
Does 790 divide 15495060?
True
Does 3 divide 115201510?
False
Is 77579010 a multiple of 555?
True
Is 80808870 a multiple of 10?
True
Does 196 divide 106271102?
False
Is 231 a factor of 56992165?
False
Does 1101 divide 19434852?
True
Does 98 divide 23779851?
False
Is 4241671 a multiple of 100?
False
Does 7355 divide 288498084?
False
Is 3092297544 a multiple of 14?
True
Is 28047264 a multiple of 56?
True
Does 396 divide 89837174?
False
Is 1095 a factor of 763677649?
False
Is 81583483 a multiple of 37?
True
Is 157870248 a multiple of 330?
False
Does 65 divide 1181982?
False
Is 510043521 a multiple of 507?
True
Does 181 divide 10445412?
False
Is 20710326 a multiple of 1743?
True
Does 6 divide 45905254?
False
Does 1555 divide 419193790?
True
Is 3510415 a multiple of 99?
False
Does 32 divide 261445216?
True
Does 849 divide 74170268?
False
Is 4222 a factor of 178853914?
False
Does 830 divide 161701440?
False
Is 8748719 a multiple of 137?
False
Is 6 a factor of 120078157?
False
Is 6964949 a multiple of 351?
False
Does 489 divide 158370318?
False
Does 2093 divide 37119355?
True
Does 17 divide 8617967?
False
Is 2591431704 a multiple of 27?
True
Is 4727 a factor of 517649043?
True
Is 5707 a factor of 1097614264?
False
Is 15 a factor of 251264546?
False
Does 8 divide 26074808?
True
Does 4 divide 19917895?
False
Does 338 divide 189686930?
False
Is 7271055 a multiple of 55?
True
Does 7144 divide 1745729272?
True
Is 5230 a factor of 501649224?
False
Is 584094110 a multiple of 13?
False
Does 3088 divide 227364905?
False
Does 286 divide 459078048?
True
Does 4145 divide 67078535?
True
Is 13026074 a multiple of 2?
True
Is 11 a factor of 13321792?
True
Does 61 divide 77004340?
False
Does 124 divide 81515547?
False
Does 1149 divide 344813751?
True
Does 65 divide 36661820?
True
Is 1985 a factor of 125457185?
False
Is 262 a factor of 92926160?
True
Is 49694988 a multiple of 43?
False
Is 33721067 a multiple of 302?
False
Is 946798340 a multiple of 170?
True
Is 105937980 a multiple of 3130?
True
Is 40 a factor of 315683560?
True
Does 49 divide 12391463?
